CRAN Package Check Results for Package mefa

Last updated on 2016-09-30 23:48:00.

Flavor Version Tinstall Tcheck Ttotal Status Flags
r-devel-linux-x86_64-debian-clang 3.2-7 0.98 32.08 33.07 OK
r-devel-linux-x86_64-debian-gcc 3.2-7 1.02 29.44 30.46 OK
r-devel-linux-x86_64-fedora-clang 3.2-7 57.06 OK
r-devel-linux-x86_64-fedora-gcc 3.2-7 53.16 OK
r-devel-macos-x86_64-clang 3.2-7 44.38 OK
r-devel-windows-ix86+x86_64 3.2-7 3.00 71.00 74.00 OK
r-patched-linux-x86_64 3.2-7 0.91 28.99 29.90 OK
r-patched-solaris-sparc 3.2-7 301.00 OK
r-patched-solaris-x86 3.2-7 64.00 OK
r-release-linux-x86_64 3.2-7 0.82 29.73 30.55 OK
r-release-osx-x86_64-mavericks 3.2-7 NOTE
r-release-windows-ix86+x86_64 3.2-7 4.00 81.00 85.00 OK
r-oldrel-windows-ix86+x86_64 3.2-7 6.00 77.00 83.00 OK

Check Details

Version: 3.2-7
Check: re-building of vignette outputs
Result: NOTE
    Error in re-building vignettes:
     ...
     input string 342 is invalid in this locale
    Warning in grepl("(Rerun to get|biblatex.*\\(re\\)run)", readLines(log, :
     input string 350 is invalid in this locale
    Error in texi2dvi(file = file, pdf = TRUE, clean = clean, quiet = quiet, :
     Running 'texi2dvi' on 'mefa.tex' failed.
    LaTeX errors:
    ! Undefined control sequence.
    l.18 <f0>F<b6>9<dc> <9d>N˗<b9>\N
     <b6>?<<af><9c><a5>)^^EZ<f4>^^X<d2><e9>t*<95><9a><99><99><91>k<d2>u]<ae><fb><97>_~<f9><f0><c3>^^O
    The control sequence at the end of the top line
    of your error message was never \def'ed. If you have
    ! Undefined control sequence.
    l.19 Ðmt]<c7><ca>._<be>\<ab>
     <d5>^^Xc<8c><b1><a9><a9><a9>t:
    The control sequence at the end of the top line
    of your error message was never \def'ed. If you have
    ! Undefined control sequence.
    l.21 ...^^L^^Yc<ba><ae><e3>^^Fs^^R<b3>w-g'S^^SӒN<a7>Og^^]OBG\^^O
     <ba><ca><d9><c9>t^^Z<b8>^^G<82><a7>w<e9>ҥH$R<a9>T<e2><f1><f8>...
    The control sequence at the end of the top line
    of your error message was never \def'ed. If you have
    ! Undefined control sequence.
    l.27 ...]<e6>^^D<cf><d9>lvhh<c8>u]<c8><c4>u<dd>۷o<ef><ec><ec><c4>b<b1>L&S<af><d7>^^]<c7><e9><ef><ef><c
    Calls: buildVignettes -> texi2pdf -> texi2dvi
    Execution halted
Flavor: r-release-osx-x86_64-mavericks