CRAN Package Check Results for Package mefa

Last updated on 2014-09-16 23:47:40.

Flavor Version Tinstall Tcheck Ttotal Status Flags
r-devel-linux-x86_64-debian-clang 3.2-5 0.90 28.60 29.50 OK
r-devel-linux-x86_64-debian-gcc 3.2-5 0.86 26.92 27.78 OK
r-devel-linux-x86_64-fedora-clang 3.2-5 63.98 OK
r-devel-linux-x86_64-fedora-gcc 3.2-5 59.69 OK
r-devel-osx-x86_64-clang 3.2-5 61.59 OK
r-devel-windows-ix86+x86_64 3.2-5 4.00 39.00 43.00 OK
r-patched-linux-x86_64 3.2-5 0.92 27.46 28.38 OK
r-patched-solaris-sparc 3.2-5 358.20 OK
r-patched-solaris-x86 3.2-5 80.10 OK
r-release-linux-ix86 3.2-5 1.34 39.39 40.72 OK
r-release-linux-x86_64 3.2-5 1.02 29.83 30.85 OK
r-release-osx-x86_64-mavericks 3.2-5 OK
r-release-osx-x86_64-snowleopard 3.2-5 NOTE
r-release-windows-ix86+x86_64 3.2-5 3.00 40.00 43.00 OK
r-oldrel-windows-ix86+x86_64 3.2-5 3.00 41.00 44.00 OK

Check Details

Version: 3.2-5
Check: Rd cross-references
Result: NOTE
    Package unavailable to check Rd xrefs: 'untb'
Flavor: r-release-osx-x86_64-snowleopard

Version: 3.2-5
Check: re-building of vignette outputs
Result: NOTE
    Error in re-building vignettes:
     ...
    mefa 3.2-5 2012-12-03
    Loading required package: permute
    Loading required package: lattice
    This is vegan 2.0-9
    Error in texi2dvi(file = file, pdf = TRUE, clean = clean, quiet = quiet, :
     Running 'texi2dvi' on 'mefa.tex' failed.
    Messages:
    sh: gs: command not found
    !!! Error: Closing Ghostscript (exit status: 127)!
    /usr/bin/texi2dvi: thumbpdf exited with bad status, quitting.
    Calls: buildVignettes -> texi2pdf -> texi2dvi
    Execution halted
Flavor: r-release-osx-x86_64-snowleopard