CRAN Package Check Results for Package mefa

Last updated on 2016-04-29 11:48:34.

Flavor Version Tinstall Tcheck Ttotal Status Flags
r-devel-linux-x86_64-debian-gcc 3.2-7 0.83 30.40 31.23 OK
r-devel-linux-x86_64-fedora-clang 3.2-7 52.45 OK
r-devel-linux-x86_64-fedora-gcc 3.2-7 51.64 OK
r-devel-osx-x86_64-clang 3.2-7 58.75 OK
r-devel-windows-ix86+x86_64 3.2-7 3.00 60.00 63.00 OK
r-patched-linux-x86_64 3.2-7 0.86 29.64 30.50 OK
r-patched-solaris-sparc 3.2-7 330.90 OK
r-patched-solaris-x86 3.2-7 65.50 OK
r-release-linux-x86_64 3.2-7 1.00 33.27 34.27 OK
r-release-osx-x86_64-mavericks 3.2-7 NOTE
r-release-windows-ix86+x86_64 3.2-7 4.00 58.00 62.00 OK
r-oldrel-windows-ix86+x86_64 3.2-7 5.00 56.00 61.00 OK

Check Details

Version: 3.2-7
Check: re-building of vignette outputs
Result: NOTE
    Error in re-building vignettes:
     ...
    The "ward" method has been renamed to "ward.D"; note new "ward.D2"
    The "ward" method has been renamed to "ward.D"; note new "ward.D2"
    The "ward" method has been renamed to "ward.D"; note new "ward.D2"
    Error in texi2dvi(file = file, pdf = TRUE, clean = clean, quiet = quiet, :
     Running 'texi2dvi' on 'mefa.tex' failed.
    LaTeX errors:
    ! Undefined control sequence.
    l.15 ...S<ea>6<99><a7><89><9e>^^Y<ec>&<be>^^ZI<95><af>e{<f4>^^V^^_<be>^^]<ec>IJ^^Rۍ\<9d>
     <85>^^X<cf><dc>_<e7><9e><ef><9e><ef><9e>s<af>^^C<cd>f<93>ί^^D...
    The control sequence at the end of the top line
    of your error message was never \def'ed. If you have
    ! LaTeX Error: Missing \begin{document}.
    
    See the LaTeX manual or LaTeX Companion for explanation.
    Type H <return> for immediate help.
     ...
    ! Undefined control sequence.
    l.22 ...<d3>4]<d7><c3><e1><b0>mۘ/L^^G<c2><0b><b9>nɷ^^N<8f><96><b3><f0><9c>'<88><b7>v<9b>j^^C<9c><b9>\<ce>
     u<dd>P(<c4>^^X;<8c>^^S<bf>^^[<c4>K^^@<cf>u]M...
    The control sequence at the end of the top line
    of your error message was never \def'ed. If you have
    ! Undefined control sequence.
    l.22 ...^[<c4>K^^@<cf>u]M<d3>^^P<da><c1>a^^Z<8
    Calls: buildVignettes -> texi2pdf -> texi2dvi
    Execution halted
Flavor: r-release-osx-x86_64-mavericks