CRAN Package Check Results for Package mefa

Last updated on 2018-06-24 01:46:57 CEST.

Flavor Version Tinstall Tcheck Ttotal Status Flags
r-devel-linux-x86_64-debian-clang 3.2-7 2.97 51.32 54.29 OK
r-devel-linux-x86_64-debian-gcc 3.2-7 2.88 39.66 42.54 OK
r-devel-linux-x86_64-fedora-clang 3.2-7 65.73 OK
r-devel-linux-x86_64-fedora-gcc 3.2-7 63.81 OK
r-devel-windows-ix86+x86_64 3.2-7 8.00 84.00 92.00 OK
r-patched-linux-x86_64 3.2-7 3.08 48.20 51.28 OK
r-patched-solaris-x86 3.2-7 83.40 OK
r-release-linux-x86_64 3.2-7 2.88 47.92 50.80 OK
r-release-windows-ix86+x86_64 3.2-7 9.00 59.00 68.00 OK
r-release-osx-x86_64 3.2-7 OK
r-oldrel-windows-ix86+x86_64 3.2-7 5.00 88.00 93.00 OK
r-oldrel-osx-x86_64 3.2-7 NOTE

Check Details

Version: 3.2-7
Check: Rd cross-references
Result: NOTE
    Package unavailable to check Rd xrefs: ‘untb’
Flavor: r-oldrel-osx-x86_64