CRAN Package Check Results for Package mefa

Last updated on 2014-04-19 23:49:56.

Flavor Version Tinstall Tcheck Ttotal Status Flags
r-devel-linux-x86_64-debian-clang 3.2-5 1.03 29.19 30.22 OK
r-devel-linux-x86_64-debian-gcc 3.2-5 0.97 29.44 30.40 OK
r-devel-linux-x86_64-fedora-clang 3.2-5 70.09 OK
r-devel-linux-x86_64-fedora-gcc 3.2-5 67.48 OK
r-devel-macosx-x86_64-clang 3.2-5 62.77 OK
r-devel-macosx-x86_64-gcc 3.2-5 WARN
r-devel-windows-ix86+x86_64 3.2-5 3.00 39.00 42.00 OK
r-patched-linux-x86_64 3.2-5 0.99 29.10 30.09 OK
r-patched-solaris-sparc 3.2-5 330.30 OK
r-patched-solaris-x86 3.2-5 79.70 OK
r-release-linux-ix86 OK
r-release-linux-x86_64 3.2-5 0.98 29.28 30.26 OK
r-release-macosx-x86_64 3.2-5 NOTE
r-release-windows-ix86+x86_64 3.2-5 4.00 41.00 45.00 OK
r-oldrel-windows-ix86+x86_64 3.2-5 3.00 40.00 43.00 OK

Check Details

Version: 3.2-5
Check: package dependencies
Result: NOTE
    Packages suggested but not available for checking: ‘vegan’ ‘mefa4’
Flavor: r-devel-macosx-x86_64-gcc

Version: 3.2-5
Check: Rd cross-references
Result: NOTE
    Packages unavailable to check Rd xrefs: ‘simba’, ‘vegan’, ‘Hmisc’, ‘untb’
Flavor: r-devel-macosx-x86_64-gcc

Version: 3.2-5
Check: running R code from vignettes
Result: WARNING
    Errors in running code in vignettes:
    when running code in ‘mefa.Rnw’
     ...
    AIC: 117.2
    
    Number of Fisher Scoring iterations: 4
    
    
    > library("vegan")
    
     When sourcing 'mefa.R':
    Error: there is no package called 'vegan'
    Execution halted
Flavor: r-devel-macosx-x86_64-gcc

Version: 3.2-5
Check: re-building of vignette outputs
Result: NOTE
    Error in re-building vignettes:
     ...
    mefa 3.2-5 2012-12-03
    
    Error: processing vignette 'mefa.Rnw' failed with diagnostics:
     chunk 40
    Error in library("vegan") : there is no package called 'vegan'
    Execution halted
Flavor: r-devel-macosx-x86_64-gcc

Version: 3.2-5
Check: Rd cross-references
Result: NOTE
    Package unavailable to check Rd xrefs: 'untb'
Flavor: r-release-macosx-x86_64

Version: 3.2-5
Check: re-building of vignette outputs
Result: NOTE
    Error in re-building vignettes:
     ...
    mefa 3.2-5 2012-12-03
    Loading required package: permute
    Loading required package: lattice
    This is vegan 2.0-9
    Error in texi2dvi(file = file, pdf = TRUE, clean = clean, quiet = quiet, :
     Running 'texi2dvi' on 'mefa.tex' failed.
    Messages:
    sh: gs: command not found
    !!! Error: Closing Ghostscript (exit status: 127)!
    /usr/bin/texi2dvi: thumbpdf exited with bad status, quitting.
    Calls: buildVignettes -> texi2pdf -> texi2dvi
    Execution halted
Flavor: r-release-macosx-x86_64