CRAN Package Check Results for Package diversitree

Last updated on 2014-04-22 23:50:34.

Flavor Version Tinstall Tcheck Ttotal Status Flags
r-devel-linux-x86_64-debian-clang 0.9-7 24.71 74.22 98.93 OK
r-devel-linux-x86_64-debian-gcc 0.9-7 29.22 75.06 104.28 OK
r-devel-linux-x86_64-fedora-clang 0.9-7 207.76 NOTE
r-devel-linux-x86_64-fedora-gcc 0.9-7 200.45 OK
r-devel-osx-x86_64-clang 0.9-7 144.96 OK
r-devel-osx-x86_64-gcc 0.9-7 NOTE
r-devel-windows-ix86+x86_64 0.9-7 109.00 127.00 236.00 OK
r-patched-linux-x86_64 0.9-7 29.36 73.73 103.09 OK
r-patched-solaris-sparc 0.9-7 1147.90 NOTE
r-patched-solaris-x86 0.9-7 224.70 OK
r-release-linux-x86_64 0.9-7 29.61 74.56 104.16 OK
r-release-osx-x86_64-mavericks 0.9-7 ERROR
r-release-osx-x86_64-snowleopard 0.9-7 NOTE
r-release-windows-ix86+x86_64 0.9-7 108.00 134.00 242.00 OK
r-oldrel-windows-ix86+x86_64 0.9-7 115.00 139.00 254.00 OK

Check Details

Version: 0.9-7
Check: installed package size
Result: NOTE
     installed size is 6.3Mb
     sub-directories of 1Mb or more:
     libs 5.5Mb
Flavors: r-devel-linux-x86_64-fedora-clang, r-devel-osx-x86_64-gcc, r-patched-solaris-sparc, r-release-osx-x86_64-snowleopard

Version: 0.9-7
Check: package dependencies
Result: NOTE
    Package suggested but not available for checking: ‘lubridate’
Flavor: r-devel-osx-x86_64-gcc

Version: 0.9-7
Check: R code for possible problems
Result: NOTE
    make.every.so.often: no visible global function definition for ‘now’
    make.every.so.often : check: no visible global function definition for
     ‘now’
Flavor: r-devel-osx-x86_64-gcc

Version: 0.9-7
Check: whether package can be installed
Result: ERROR
    Installation failed.
    See ‘/Builds/CRAN-QA-Simon/packages/mavericks-x86_64/results/3.1/diversitree.Rcheck/00install.out’ for details.
Flavor: r-release-osx-x86_64-mavericks