CRAN Package Check Results for Package diversitree

Last updated on 2014-08-29 01:47:21.

Flavor Version Tinstall Tcheck Ttotal Status Flags
r-devel-linux-x86_64-debian-clang 0.9-7 23.90 65.42 89.32 NOTE
r-devel-linux-x86_64-debian-gcc 0.9-7 29.84 64.20 94.04 NOTE
r-devel-linux-x86_64-fedora-clang 0.9-7 196.60 NOTE
r-devel-linux-x86_64-fedora-gcc 0.9-7 185.16 NOTE
r-devel-osx-x86_64-clang 0.9-7 145.36 NOTE
r-devel-windows-ix86+x86_64 0.9-7 114.00 130.00 244.00 NOTE
r-patched-linux-x86_64 0.9-7 30.39 70.41 100.80 NOTE
r-patched-solaris-sparc 0.9-7 1187.80 NOTE
r-patched-solaris-x86 0.9-7 235.10 OK
r-release-linux-ix86 0.9-7 39.74 92.43 132.17 OK
r-release-linux-x86_64 0.9-7 30.10 72.30 102.40 NOTE
r-release-osx-x86_64-mavericks 0.9-7 ERROR
r-release-osx-x86_64-snowleopard 0.9-7 NOTE
r-release-windows-ix86+x86_64 0.9-7 104.00 142.00 246.00 OK
r-oldrel-windows-ix86+x86_64 0.9-7 106.00 142.00 248.00 OK

Check Details

Version: 0.9-7
Check: R code for possible problems
Result: NOTE
    make.every.so.often: no visible global function definition for ‘now’
    make.every.so.often : check: no visible global function definition for
     ‘now’
Flavors: r-devel-linux-x86_64-debian-clang, r-devel-linux-x86_64-debian-gcc, r-devel-linux-x86_64-fedora-clang, r-devel-linux-x86_64-fedora-gcc, r-devel-osx-x86_64-clang, r-devel-windows-ix86+x86_64

Version: 0.9-7
Check: installed package size
Result: NOTE
     installed size is 5.1Mb
     sub-directories of 1Mb or more:
     libs 4.3Mb
Flavors: r-devel-linux-x86_64-debian-gcc, r-devel-linux-x86_64-fedora-clang, r-patched-linux-x86_64, r-patched-solaris-sparc, r-release-linux-x86_64, r-release-osx-x86_64-snowleopard

Version: 0.9-7
Check: whether package can be installed
Result: ERROR
    Installation failed.
Flavor: r-release-osx-x86_64-mavericks