CRAN Package Check Results for Package diversitree

Last updated on 2018-04-22 00:46:35 CEST.

Flavor Version Tinstall Tcheck Ttotal Status Flags
r-devel-linux-x86_64-debian-clang 0.9-10 66.46 94.42 160.88 OK
r-devel-linux-x86_64-debian-gcc 0.9-10 50.53 72.79 123.32 OK
r-devel-linux-x86_64-fedora-clang 0.9-10 202.57 NOTE
r-devel-linux-x86_64-fedora-gcc 0.9-10 187.93 NOTE
r-devel-windows-ix86+x86_64 0.9-10 177.00 173.00 350.00 NOTE
r-devel-osx-x86_64 0.9-10 NOTE
r-patched-linux-x86_64 0.9-10 60.50 93.66 154.16 OK
r-patched-solaris-x86 0.9-10 208.40 OK
r-release-linux-x86_64 0.9-10 53.06 105.50 158.56 OK
r-release-windows-ix86+x86_64 0.9-10 117.00 183.00 300.00 OK
r-release-osx-x86_64 0.9-10 NOTE
r-oldrel-windows-ix86+x86_64 0.9-10 1.00 6.00 7.00 ERROR

Check Details

Version: 0.9-10
Check: installed package size
Result: NOTE
     installed size is 6.5Mb
     sub-directories of 1Mb or more:
     libs 5.3Mb
Flavors: r-devel-linux-x86_64-fedora-clang, r-devel-linux-x86_64-fedora-gcc, r-devel-windows-ix86+x86_64, r-devel-osx-x86_64, r-release-osx-x86_64

Version: 0.9-10
Check: whether package can be installed
Result: ERROR
    Installation failed.
Flavor: r-oldrel-windows-ix86+x86_64