CRAN Package Check Results for Package diversitree

Last updated on 2017-11-19 23:48:20.

Flavor Version Tinstall Tcheck Ttotal Status Flags
r-devel-linux-x86_64-debian-clang 0.9-10 35.54 65.40 100.94 OK
r-devel-linux-x86_64-debian-gcc 0.9-10 37.20 109.46 146.66 OK
r-devel-linux-x86_64-fedora-clang 0.9-10 187.93 NOTE
r-devel-linux-x86_64-fedora-gcc 0.9-10 266.15 NOTE
r-devel-windows-ix86+x86_64 0.9-10 126.00 150.00 276.00 NOTE
r-patched-linux-x86_64 0.9-10 35.31 64.07 99.38 OK
r-patched-solaris-x86 0.9-10 187.40 OK
r-release-linux-x86_64 0.9-10 35.31 63.94 99.25 OK
r-release-windows-ix86+x86_64 0.9-10 123.00 185.00 308.00 OK
r-release-osx-x86_64 0.9-10 NOTE
r-oldrel-windows-ix86+x86_64 0.9-10 121.00 160.00 281.00 OK
r-oldrel-osx-x86_64 0.9-10 NOTE

Check Details

Version: 0.9-10
Check: installed package size
Result: NOTE
     installed size is 5.9Mb
     sub-directories of 1Mb or more:
     libs 5.1Mb
Flavors: r-devel-linux-x86_64-fedora-clang, r-devel-linux-x86_64-fedora-gcc, r-devel-windows-ix86+x86_64, r-release-osx-x86_64, r-oldrel-osx-x86_64