CRAN Package Check Results for Package diversitree

Last updated on 2017-01-22 23:48:17.

Flavor Version Tinstall Tcheck Ttotal Status Flags
r-devel-linux-x86_64-debian-clang 0.9-9 34.63 63.81 98.43 OK
r-devel-linux-x86_64-debian-gcc 0.9-9 36.25 64.10 100.35 OK
r-devel-linux-x86_64-fedora-clang 0.9-9 183.47 NOTE --no-stop-on-test-error
r-devel-linux-x86_64-fedora-gcc 0.9-9 181.80 NOTE --no-stop-on-test-error
r-devel-macos-x86_64-clang 0.9-9 131.96 OK --no-stop-on-test-error
r-devel-windows-ix86+x86_64 0.9-9 111.00 136.00 247.00 NOTE
r-patched-linux-x86_64 0.9-9 29.82 56.86 86.68 OK
r-patched-solaris-sparc 0.9-9 926.30 OK
r-patched-solaris-x86 0.9-9 166.20 OK
r-release-linux-x86_64 0.9-9 29.72 56.98 86.70 OK
r-release-osx-x86_64-mavericks 0.9-9 NOTE
r-release-windows-ix86+x86_64 0.9-9 215.00 147.00 362.00 OK
r-oldrel-windows-ix86+x86_64 0.9-9 222.00 220.00 442.00 OK

Check Details

Version: 0.9-9
Flags: --no-stop-on-test-error
Check: installed package size
Result: NOTE
     installed size is 5.4Mb
     sub-directories of 1Mb or more:
     libs 4.6Mb
Flavors: r-devel-linux-x86_64-fedora-clang, r-devel-linux-x86_64-fedora-gcc

Version: 0.9-9
Check: installed package size
Result: NOTE
     installed size is 5.0Mb
     sub-directories of 1Mb or more:
     libs 4.2Mb
Flavors: r-devel-windows-ix86+x86_64, r-release-osx-x86_64-mavericks