CRAN Package Check Results for Package diversitree

Last updated on 2017-03-28 23:50:18.

Flavor Version Tinstall Tcheck Ttotal Status Flags
r-devel-linux-x86_64-debian-clang 0.9-9 36.35 65.08 101.43 NOTE
r-devel-linux-x86_64-debian-gcc 0.9-9 34.94 65.97 100.91 NOTE
r-devel-linux-x86_64-fedora-clang 0.9-9 199.05 NOTE --no-stop-on-test-error
r-devel-linux-x86_64-fedora-gcc 0.9-9 185.34 NOTE --no-stop-on-test-error
r-devel-macos-x86_64-clang 0.9-9 133.16 NOTE --no-stop-on-test-error
r-devel-windows-ix86+x86_64 0.9-9 131.00 132.00 263.00 OK
r-patched-linux-x86_64 0.9-9 31.04 63.40 94.43 NOTE
r-patched-solaris-sparc 0.9-9 978.30 OK
r-patched-solaris-x86 0.9-9 193.70 OK
r-release-linux-x86_64 0.9-9 29.98 57.22 87.21 OK
r-release-osx-x86_64-mavericks 0.9-9 NOTE
r-release-windows-ix86+x86_64 0.9-9 169.00 115.00 284.00 OK
r-oldrel-windows-ix86+x86_64 0.9-9 132.00 121.00 253.00 OK

Check Details

Version: 0.9-9
Check: compiled code
Result: NOTE
    File ‘diversitree/libs/diversitree.so’:
     Found no calls to: ‘R_registerRoutines’, ‘R_useDynamicSymbols’
    
    It is good practice to register native routines and to disable symbol
    search.
    
    See ‘Writing portable packages’ in the ‘Writing R Extensions’ manual.
Flavors: r-devel-linux-x86_64-debian-clang, r-devel-linux-x86_64-debian-gcc, r-patched-linux-x86_64

Version: 0.9-9
Flags: --no-stop-on-test-error
Check: installed package size
Result: NOTE
     installed size is 5.6Mb
     sub-directories of 1Mb or more:
     libs 4.8Mb
Flavors: r-devel-linux-x86_64-fedora-clang, r-devel-linux-x86_64-fedora-gcc

Version: 0.9-9
Flags: --no-stop-on-test-error
Check: compiled code
Result: NOTE
    File ‘diversitree/libs/diversitree.so’:
     Found no calls to: ‘R_registerRoutines’, ‘R_useDynamicSymbols’
    
    It is good practice to register native routines and to disable symbol
    search.
    
    See ‘Writing portable packages’ in the ‘Writing R Extensions’ manual.
Flavors: r-devel-linux-x86_64-fedora-clang, r-devel-linux-x86_64-fedora-gcc, r-devel-macos-x86_64-clang

Version: 0.9-9
Check: installed package size
Result: NOTE
     installed size is 6.9Mb
     sub-directories of 1Mb or more:
     libs 6.1Mb
Flavor: r-release-osx-x86_64-mavericks