CRAN Package Check Results for Package diversitree

Last updated on 2014-07-25 01:48:44.

Flavor Version Tinstall Tcheck Ttotal Status Flags
r-devel-linux-x86_64-debian-clang 0.9-7 24.77 70.93 95.70 OK
r-devel-linux-x86_64-debian-gcc 0.9-7 30.44 70.04 100.48 NOTE
r-devel-linux-x86_64-fedora-clang 0.9-7 208.12 NOTE
r-devel-linux-x86_64-fedora-gcc 0.9-7 201.56 OK
r-devel-osx-x86_64-clang 0.9-7 155.93 OK
r-devel-windows-ix86+x86_64 0.9-7 109.00 133.00 242.00 OK
r-patched-linux-x86_64 0.9-7 30.00 73.12 103.12 NOTE
r-patched-solaris-sparc 0.9-7 1147.90 NOTE
r-patched-solaris-x86 0.9-7 227.00 OK
r-release-linux-ix86 0.9-7 39.85 89.92 129.77 OK
r-release-linux-x86_64 0.9-7 30.84 74.13 104.97 NOTE
r-release-osx-x86_64-mavericks 0.9-7 ERROR
r-release-osx-x86_64-snowleopard 0.9-7 NOTE
r-release-windows-ix86+x86_64 0.9-7 100.00 137.00 237.00 OK
r-oldrel-windows-ix86+x86_64 0.9-7 109.00 141.00 250.00 OK

Check Details

Version: 0.9-7
Check: installed package size
Result: NOTE
     installed size is 5.1Mb
     sub-directories of 1Mb or more:
     libs 4.3Mb
Flavors: r-devel-linux-x86_64-debian-gcc, r-devel-linux-x86_64-fedora-clang, r-patched-linux-x86_64, r-patched-solaris-sparc, r-release-linux-x86_64, r-release-osx-x86_64-snowleopard

Version: 0.9-7
Check: whether package can be installed
Result: ERROR
    Installation failed.
    See ‘/Builds/CRAN-QA-Simon/packages/mavericks-x86_64/results/3.1/diversitree.Rcheck/00install.out’ for details.
Flavor: r-release-osx-x86_64-mavericks