CRAN Package Check Results for Package diversitree

Last updated on 2016-05-03 11:48:53.

Flavor Version Tinstall Tcheck Ttotal Status Flags
r-devel-linux-x86_64-debian-gcc 0.9-8 29.78 61.04 90.82 NOTE
r-devel-linux-x86_64-fedora-clang 0.9-8 177.62 NOTE
r-devel-linux-x86_64-fedora-gcc 0.9-8 160.19 NOTE
r-devel-osx-x86_64-clang 0.9-8 174.71 OK
r-devel-windows-ix86+x86_64 0.9-8 122.00 120.00 242.00 OK
r-patched-linux-x86_64 0.9-8 29.60 61.22 90.82 NOTE
r-patched-solaris-sparc 0.9-8 980.30 OK
r-patched-solaris-x86 0.9-8 177.50 OK
r-release-linux-x86_64 0.9-8 29.71 63.43 93.14 NOTE
r-release-osx-x86_64-mavericks 0.9-8 NOTE
r-release-windows-ix86+x86_64 0.9-8 115.00 170.00 285.00 OK
r-oldrel-windows-ix86+x86_64 0.9-8 142.00 159.00 301.00 WARN

Check Details

Version: 0.9-8
Check: installed package size
Result: NOTE
     installed size is 5.6Mb
     sub-directories of 1Mb or more:
     libs 4.8Mb
Flavors: r-devel-linux-x86_64-debian-gcc, r-devel-linux-x86_64-fedora-clang, r-devel-linux-x86_64-fedora-gcc, r-patched-linux-x86_64, r-release-linux-x86_64, r-release-osx-x86_64-mavericks

Version: 0.9-8
Check: Rd files
Result: WARN
    prepare_Rd: diversitree-package.Rd:6: unknown macro '\packageTitle'
    prepare_Rd: diversitree-package.Rd:9: unknown macro '\packageDescription'
    prepare_Rd: diversitree-package.Rd:12: unknown macro '\packageAuthor'
    prepare_Rd: diversitree-package.Rd:14: unknown macro '\packageMaintainer'
Flavor: r-oldrel-windows-ix86+x86_64