CRAN Package Check Results for Package diversitree

Last updated on 2018-01-19 23:48:14 CET.

Flavor Version Tinstall Tcheck Ttotal Status Flags
r-devel-linux-x86_64-debian-clang 0.9-10 46.26 109.52 155.78 OK
r-devel-linux-x86_64-debian-gcc 0.9-10 39.64 84.36 124.00 OK
r-devel-linux-x86_64-fedora-clang 0.9-10 193.38 NOTE
r-devel-linux-x86_64-fedora-gcc 0.9-10 181.50 NOTE
r-devel-windows-ix86+x86_64 0.9-10 166.00 191.00 357.00 NOTE
r-patched-linux-x86_64 0.9-10 50.33 112.05 162.38 OK
r-patched-solaris-x86 0.9-10 201.20 OK
r-release-linux-x86_64 0.9-10 46.96 106.65 153.61 OK
r-release-windows-ix86+x86_64 0.9-10 185.00 185.00 370.00 OK
r-release-osx-x86_64 0.9-10 NOTE
r-oldrel-windows-ix86+x86_64 0.9-10 162.00 159.00 321.00 OK
r-oldrel-osx-x86_64 0.9-10 NOTE

Check Details

Version: 0.9-10
Check: installed package size
Result: NOTE
     installed size is 6.0Mb
     sub-directories of 1Mb or more:
     libs 5.2Mb
Flavors: r-devel-linux-x86_64-fedora-clang, r-devel-linux-x86_64-fedora-gcc, r-devel-windows-ix86+x86_64, r-release-osx-x86_64, r-oldrel-osx-x86_64