CRAN Package Check Results for Package POT

Last updated on 2018-04-24 00:47:09 CEST.

Flavor Version Tinstall Tcheck Ttotal Status Flags
r-devel-linux-x86_64-debian-clang 1.1-6 9.96 68.14 78.10 NOTE
r-devel-linux-x86_64-debian-gcc 1.1-6 8.12 57.50 65.62 NOTE
r-devel-linux-x86_64-fedora-clang 1.1-6 104.80 NOTE
r-devel-linux-x86_64-fedora-gcc 1.1-6 101.72 NOTE
r-devel-windows-ix86+x86_64 1.1-6 30.00 114.00 144.00 OK
r-devel-osx-x86_64 1.1-6 OK
r-patched-linux-x86_64 1.1-6 10.75 74.39 85.14 NOTE
r-patched-solaris-x86 1.1-6 129.50 OK
r-release-linux-x86_64 1.1-6 8.74 73.98 82.72 NOTE
r-release-windows-ix86+x86_64 1.1-6 24.00 120.00 144.00 OK
r-release-osx-x86_64 1.1-6 OK
r-oldrel-windows-ix86+x86_64 1.1-6 24.00 136.00 160.00 OK

Check Details

Version: 1.1-6
Check: compiled code
Result: NOTE
    File ‘POT/libs/POT.so’:
     Found no calls to: ‘R_registerRoutines’, ‘R_useDynamicSymbols’
    
    It is good practice to register native routines and to disable symbol
    search.
    
    See ‘Writing portable packages’ in the ‘Writing R Extensions’ manual.
Flavors: r-devel-linux-x86_64-debian-clang, r-devel-linux-x86_64-debian-gcc, r-devel-linux-x86_64-fedora-clang, r-devel-linux-x86_64-fedora-gcc, r-patched-linux-x86_64, r-release-linux-x86_64