CRAN Package Check Results for Package POT

Last updated on 2014-04-22 23:50:42.

Flavor Version Tinstall Tcheck Ttotal Status Flags
r-devel-linux-x86_64-debian-clang 1.1-3 2.69 65.35 68.04 NOTE
r-devel-linux-x86_64-debian-gcc 1.1-3 3.41 66.08 69.50 NOTE
r-devel-linux-x86_64-fedora-clang 1.1-3 140.95 NOTE
r-devel-linux-x86_64-fedora-gcc 1.1-3 141.32 NOTE
r-devel-osx-x86_64-clang 1.1-3 97.00 NOTE
r-devel-osx-x86_64-gcc 1.1-3 NOTE
r-devel-windows-ix86+x86_64 1.1-3 17.00 124.00 141.00 NOTE
r-patched-linux-x86_64 1.1-3 3.53 66.02 69.55 NOTE
r-patched-solaris-sparc 1.1-3 795.50 NOTE
r-patched-solaris-x86 1.1-3 151.30 NOTE
r-release-linux-x86_64 1.1-3 3.43 66.63 70.06 NOTE
r-release-osx-x86_64-mavericks 1.1-3 NOTE
r-release-windows-ix86+x86_64 1.1-3 28.00 165.00 193.00 NOTE
r-oldrel-windows-ix86+x86_64 1.1-3 18.00 136.00 154.00 NOTE

Memtest notes: valgrind valgrind

Check Details

Version: 1.1-3
Check: R code for possible problems
Result: NOTE
    fitbvgpd: multiple local function definitions for ‘nlbvpot’ with
     different formal arguments
    fitmcgpd: multiple local function definitions for ‘nlpot’ with
     different formal arguments
Flavors: r-devel-linux-x86_64-debian-clang, r-devel-linux-x86_64-debian-gcc, r-devel-linux-x86_64-fedora-clang, r-devel-linux-x86_64-fedora-gcc, r-devel-osx-x86_64-clang, r-devel-osx-x86_64-gcc, r-devel-windows-ix86+x86_64, r-patched-linux-x86_64, r-patched-solaris-sparc, r-patched-solaris-x86, r-release-linux-x86_64, r-release-osx-x86_64-mavericks, r-release-windows-ix86+x86_64, r-oldrel-windows-ix86+x86_64